umber?
False
Let u(l) = l**3 + 76*l**2 - 57*l - 131. Let a(t) = 15*t**2 - 12*t - 26. Let g(m) = -11*a(m) + 2*u(m). Is g(7) composite?
False
Is (-8)/14 - (97 + -95)*(-451746)/28 a prime number?
False
Is ((-2606512)/24)/((-24)/(-9) - 21/7) a composite number?
True
Suppose 0 = b + i - 6, 5*i = -4*b - 49 + 75. Suppose -25520 = -y - 5*o, -b*o - 101990 = -4*y - 6*o. Is y a prime number?
False
Let y(s) = -2*s**3 - 12*s**2 - 14. Let l(g) = 4*g**3 + 23*g**2 + 28. Let m(u) = 6*l(u) + 11*y(u). Let t(p) = 150*p + 1056. Let q be t(-7). Is m(q) prime?
False
Let r(b) = -5*b - 26. Let w(l) = -6*l - 24. Let h(o) = 2*r(o) - 3*w(o). Let n be h(0). Is (5*2098/n)/(1/2) a composite number?
False
Let x = -101 + 106. Suppose -2*z = 2*d - 518, -x*d - 2*z = -4*z - 1281. Is d prime?
True
Suppose -u + 5*d = 10*d - 182427, -5*d = -3*u + 547241. Is u prime?
True
Suppose -67*i + 20807 + 515264 = -1395606. Is i prime?
False
Let g(j) = 32*j**3 + j**2 + 4*j - 3. Let q = 36 + -69. Let s = 35 + q. Is g(s) a prime number?
False
Let t(u) = -13759*u**3 + 2*u**2 - 3*u + 3. Let k be t(1). Let o = k - -19348. Is o a prime number?
True
Suppose -4*l = -11*l - 34825. Let f = 8136 + l. Is f prime?
False
Let h = 90 - 78. Is 8858/h*7 + 40/(-240) composite?
False
Suppose -407032 + 955224 + 3993314 = 326*a. Is a a composite number?
False
Let c = 262296 - 154063. Is c prime?
True
Let j(n) = -n**3 - 16*n**2 + 19*n + 35. Let b be j(-17). Let m = 12 - b. Suppose 0 = m*x - 1784 - 4783. Is x a composite number?
True
Let z be 6/(1 + -1 - -2). Suppose 3*s - 2 = -z*u - 8, -5*u - 4*s = 6. Suppose 4*t - 2040 = -2*d, -3*d = -4*d + u. Is t prime?
True
Let s = -372 - -375. Let n = -2750 - -4333. Suppose s*q - 544 = n. Is q a prime number?
True
Let k = -276 - -548. Suppose -2*h = 3*h - 6655. Suppose 391 + k = 2*c - 3*n, 4*c - 5*n = h. Is c a prime number?
False
Let d = -357243 - -786880. Is d a prime number?
False
Is 13170 + ((-4)/((-8)/6))/3 composite?
False
Let w(v) = -v**2 + 25*v + 30. Let a be w(23). Suppose 2*h = -2*d + 74, -2*h + 0*d - d = -a. Suppose h + 138 = b. Is b a composite number?
True
Is -3 - -1251284 - (14 - -106)/12 a prime number?
False
Let u(a) be the third derivative of -a**6/60 - a**5/20 - a**4/12 + 6*a**2. Let f be u(-2). Let i = 309 - f. Is i prime?
False
Let m(k) = 11*k**3 - 51*k**2 + 46*k - 19. Let u(f) = 9*f**3 - 52*f**2 + 47*f - 19. Let a(v) = 4*m(v) - 5*u(v). Is a(41) a prime number?
True
Suppose 0 = 2*f - s - 1026098, 2*s = -1518*f + 1517*f + 513039. Is f a prime number?
True
Is ((-8 - 3) + -118)/((-9)/3351) prime?
False
Let f(b) = b + 5 + 0*b**3 + b**3 - 2*b + b**2. Let j be f(0). Suppose -r - 3*r = 16, -j*m + 3*r + 4597 = 0. Is m composite?
True
Is (-19 + 1 + 47)*(0 + 0 - -479) prime?
False
Suppose -27*j - 81*j = -11*j - 7952933. Is j composite?
True
Suppose 13*t = -897 - 8528. Let a = 5342 - t. Is a composite?
False
Let s be 3*1/(27/116325). Suppose -8*q + 57909 = s. Is q prime?
True
Suppose 81*h - 4001739 = 6542112. Is h a composite number?
False
Suppose -500*d + 495*d = -4*r - 5605057, -4*d + 4*r = -4484052. Is d prime?
False
Suppose -144*z + 30615 = l - 148*z, -2*l = 7*z - 61290. Is l prime?
True
Let a = 77 - 75. Let v be (a - -1) + (-15510)/(-6). Let z = v - 1545. Is z a composite number?
True
Suppose 3*b + 0*b + 2*j + 5 = 0, 0 = -2*b - 3*j. Is 1*2/b*196785/(-30) a composite number?
False
Suppose 0 = -13*u + 9*u + 32856. Suppose -6496 = -5*k + u. Let m = k + -1581. Is m composite?
False
Let y(q) = -5441*q - 4047. Is y(-6) a composite number?
True
Let u(w) = 5292*w + 4421. Is u(28) prime?
True
Let v(j) = -4319*j + 265. Is v(-2) a composite number?
True
Suppose -712*n + 1292744 = -694*n + 114374. Is n a prime number?
False
Let b be -1*10/20*35*-2326. Suppose 44*y - 39*y - b = 0. Is y composite?
True
Let w(a) = -13*a - 153. Let j be w(-12). Suppose -2*r + 1841 = 5*q, -j = q - 6. Is r a composite number?
True
Suppose -14*h + 26 = -2. Suppose h*x - 12256 = -2*w + 4*x, w = 2*x + 6125. Is w a prime number?
True
Suppose 3*y - 252789 = -5*s, y - 54*s - 84263 = -49*s. Is y a composite number?
False
Suppose 0 = 21*l - 114 - 12. Suppose 0 = 2*t + l*i - 2*i - 9662, -3*t + 14488 = 5*i. Is t a prime number?
False
Let y be (0 - 5/(-4))/((-25)/100). Let o be 1/2 - -1*y/(-2). Suppose 18 = -o*d + 651. Is d a prime number?
True
Let v = 309 + -307. Suppose 5*o = -3*h + 33 - 7, 0 = -3*o - 2*h + 15. Suppose v*g = 5*n - 1165, -3*n - 4*g = -o*n + 920. Is n prime?
False
Let a(c) = 152*c**2 - 168*c + 1143. Is a(7) a prime number?
False
Suppose 9*x + 40 = 3*u + 5*x, 3*u = -x + 35. Suppose -5*r + 7391 + 885 = 3*f, u = -4*f. Is r prime?
True
Let u(v) = v**3 + 23*v**2 + 21*v - 6. Suppose 2*k - 2 = -40. Is u(k) prime?
True
Let i = 40259 - 22804. Suppose -22*q = -27*q + i. Is q prime?
True
Let t(r) = 67*r**2 - 32*r + 23. Is t(-6) composite?
True
Let g(s) = 4*s**2 + 31*s - 11. Let o be ((-30)/(-70) - 884/(-28))/(-1). Is g(o) composite?
True
Let r(q) = -38*q**3 + 4*q**2 + 11*q - 56. Let l(i) = 75*i**3 - 7*i**2 - 22*i + 113. Let t(y) = -2*l(y) - 5*r(y). Is t(5) composite?
True
Let h = 260 + -234. Is (6229/2)/(h/4 - 6) a prime number?
True
Let f(o) = -40*o + 1. Let h be f(-5). Let u = -1431 + 1417. Let q = h - u. Is q a composite number?
True
Suppose t - 5*k - 394045 = 0, -17*k = 3*t - 16*k - 1182039. Is t prime?
False
Suppose 0 = 19*q - 7234482 - 2362376 + 3150595. Is q prime?
False
Suppose w - 100031 = 251*s - 250*s, -2*s + 500211 = 5*w. Is w a prime number?
False
Let n(r) = -r**3 + 13*r**2 + 14*r - 8. Let l be n(12). Let h be l/(-19) + 2*-1. Let b(i) = -84*i + 51. Is b(h) a composite number?
True
Suppose 13*t - 2172950 - 39280 = y, -5*y = t - 170136. Is t composite?
True
Let t(s) = -s + 27. Let g be t(27). Suppose g = -55*w + 44*w + 70774. Is w a prime number?
False
Let v(y) = y**3 - 20*y**2 + 16*y + 63. Let i be v(19). Let z(b) = 41*b**3 - b**2 + b - 19. Is z(i) composite?
False
Let n(s) = 165 - s + 0*s - 85 + 155. Let r = -1 - -1. Is n(r) a composite number?
True
Suppose -531*a = -534*a + 6, 3*y - 45391 = 4*a. Is y composite?
True
Let g be ((-2)/(-2))/(((-3)/(-6))/1). Suppose -2*f + w + 15009 = 0, g*f - 5486 - 9533 = -w. Is f prime?
True
Let x(r) = 1 - r**2 - 2 + 8*r**2 + 5*r + r**2. Let g be x(-9). Let b = 855 - g. Is b prime?
False
Suppose -12 = s + 2*s. Let f(v) be the third derivative of -7*v**6/120 + v**5/20 + v**4/8 - 5*v**3/6 + 185*v**2. Is f(s) a composite number?
False
Let z = -49 + 497. Suppose -3*y + z = -2897. Is y composite?
True
Suppose 17*w - 324 = -w. Suppose w*m = 17*m + 3787. Is m composite?
True
Let v = -99 - -41. Let c = v + 17820. Suppose -4*i + c = 3790. Is i a composite number?
True
Let q = 1596686 - 823737. Is q composite?
False
Suppose -266*l + 7290388 = -238*l. Is l prime?
False
Let g(y) = 1 - 10 - 506*y + 24. Let j be g(-11). Suppose -2*d = 3*d + v - j, 0 = -d - 3*v + 1105. Is d prime?
True
Suppose 56*y + 4*q = 53*y + 332823, -2*y = -2*q - 221896. Is y a composite number?
True
Let k(d) = -2*d - 15. Let t be k(-8). Let m be (-6)/2 - t*-104. Let a = 82 + m. Is a a prime number?
False
Let i(c) = 38*c**2 - 16*c - 35*c**2 - 59 + 28*c**2. Is i(-20) composite?
True
Is -6*(9126125/(-30))/25 a prime number?
True
Let z(x) = -x**3 + 22*x**2 - 20*x - 17. Let v = -23 - -44. Let g be z(v). Suppose -g*b + 7205 = 3*m, m - b - 2380 = 2*b. Is m a prime number?
False
Let p(j) = -12*j + 39. Let i be p(3). Suppose -2*k - i*m + 129 = 0, 4*m = 2*k - 38 - 56. Is k prime?
False
Suppose -5*q - 2*k + 12 = 201, -5*q = -3*k + 204. Is ((-389)/(-6) - 26/q)*22 a composite number?
True
Suppose -15 = -3*i, -3*z - i + 1515882 - 591250 = 0. Is z a composite number?
True
Let b(d) be the first derivative of -d**4 + 8*d**3/3 + 13*d**2/2 + 27*d - 60. Is b(-8) a prime number?
False
Suppose 55 = 2*u + 3*t, 123 + 42 = 4*u - 5*t. Suppose -32*l = -u*l. Suppose -15*b + 13*b + 2710 = l. Is b a prime number?
False
Suppose y = 4*p - 66286, -15*p - 3*y + 49737 = -12*p. Is p prime?
True
Let l(n) = -1530*n + 6587. Is l(-14) a prime number?
False
Suppose -353171 = -4*p + 3*u, 3*p - 264887 = -17*u + 21*u. Is p prime?
True
Suppose 15*k - 62*k + 2904271 = 0. Let n = k - 31434. Is n prime?
False
Suppose 3*j - 2 = -4*g + 3, 0 = -5*g + j + 30. Suppose -g*r + r - h = -7370, -2*h - 7376 = -4*r. Is r a composite number?
True
Suppose